or of 166425?
True
Is 6 a factor of 700?
False
Is 64 a factor of 15744?
True
Is 4 a factor of 735?
False
Is 20968 a multiple of 8?
True
Does 41 divide 14365?
False
Is 54 a factor of 36417?
False
Is 56 a factor of 53639?
False
Is 2150 a multiple of 43?
True
Is 16 a factor of 2864?
True
Is 2262 a multiple of 18?
False
Is 32021 a multiple of 179?
False
Is 74 a factor of 26784?
False
Does 79 divide 2370?
True
Is 48 a factor of 6096?
True
Is 5 a factor of 2484?
False
Does 17 divide 5120?
False
Is 3427 a multiple of 2?
False
Does 110 divide 60940?
True
Does 3 divide 152?
False
Is 13 a factor of 6578?
True
Does 16 divide 2176?
True
Is 2501 a multiple of 41?
True
Is 22 a factor of 78628?
True
Is 256 a multiple of 5?
False
Is 10 a factor of 11304?
False
Is 12750 a multiple of 150?
True
Does 41 divide 6656?
False
Is 13 a factor of 962?
True
Does 4 divide 660?
True
Is 80 a factor of 23920?
True
Does 14 divide 3575?
False
Is 9 a factor of 646?
False
Does 26 divide 1903?
False
Is 370 a multiple of 37?
True
Is 30767 a multiple of 11?
True
Is 200 a multiple of 10?
True
Is 11 a factor of 1575?
False
Is 2484 a multiple of 18?
True
Is 354 a factor of 111359?
False
Is 14 a factor of 3066?
True
Is 469 a multiple of 5?
False
Does 12 divide 36504?
True
Is 1867 a multiple of 177?
False
Is 17 a factor of 170?
True
Does 14 divide 336?
True
Does 8 divide 2693?
False
Does 5 divide 95?
True
Is 570 a multiple of 38?
True
Is 13202 a multiple of 82?
True
Is 527 a multiple of 45?
False
Is 569 a multiple of 21?
False
Does 29 divide 11948?
True
Does 3 divide 63?
True
Is 106 a factor of 48760?
True
Is 513 a multiple of 14?
False
Is 20359 a multiple of 140?
False
Does 115 divide 508?
False
Does 5 divide 439?
False
Is 6839 a multiple of 11?
False
Does 28 divide 2912?
True
Does 47 divide 36179?
False
Does 12 divide 316?
False
Is 14 a factor of 53788?
True
Is 135 a multiple of 3?
True
Does 3 divide 860?
False
Is 44203 a multiple of 33?
False
Is 4563 a multiple of 27?
True
Does 197 divide 30929?
True
Is 720 a multiple of 5?
True
Does 2 divide 20?
True
Does 14 divide 644?
True
Is 5 a factor of 30?
True
Is 21 a factor of 302?
False
Is 15 a factor of 2475?
True
Is 226 a factor of 975?
False
Is 393 a multiple of 16?
False
Is 34 a factor of 1700?
True
Does 31 divide 26753?
True
Is 40677 a multiple of 17?
False
Does 17 divide 233?
False
Is 52944 a multiple of 30?
False
Is 12496 a multiple of 71?
True
Does 57 divide 1482?
True
Is 14 a factor of 25774?
True
Is 3 a factor of 40?
False
Is 2028 a multiple of 78?
True
Is 275 a multiple of 16?
False
Does 168 divide 5802?
False
Is 24084 a multiple of 36?
True
Is 554 a multiple of 3?
False
Is 26 a factor of 1040?
True
Is 4702 a multiple of 143?
False
Is 30 a factor of 330?
True
Is 47344 a multiple of 16?
True
Is 5 a factor of 30?
True
Is 141 a factor of 4814?
False
Is 263 even?
False
Is 546 a multiple of 8?
False
Is 3 a factor of 1854?
True
Does 6 divide 14?
False
Is 2304 a multiple of 48?
True
Is 864 a multiple of 8?
True
Does 8 divide 11226?
False
Is 31 a factor of 99436?
False
Is 27 a factor of 31835?
False
Is 9525 a multiple of 25?
True
Is 22 a factor of 242?
True
Is 16 a factor of 3328?
True
Is 38 a factor of 3382?
True
Does 29 divide 6016?
False
Is 52 a factor of 22312?
False
Is 4 a factor of 165?
False
Is 143 a multiple of 11?
True
Is 3448 a multiple of 16?
False
Is 3 a factor of 5674?
False
Is 8 a factor of 9152?
True
Is 254 a multiple of 56?
False
Is 5 a factor of 157?
False
Is 6720 a multiple of 64?
True
Is 9 a factor of 8784?
True
Is 4500 a multiple of 5?
True
Is 13908 a multiple of 61?
True
Is 20 a factor of 1360?
True
Does 7 divide 433?
False
Is 212 a factor of 22684?
True
Is 24 a factor of 384?
True
Is 1139 a multiple of 9?
False
Is 378 a multiple of 6?
True
Does 4 divide 349?
False
Is 51 a factor of 721?
False
Is 123 a factor of 3075?
True
Is 6 a factor of 5590?
False
Does 19 divide 17765?
True
Is 12 a factor of 1197?
False
Is 13 a factor of 145?
False
Is 833 a multiple of 10?
False
Does 8 divide 6200?
True
Does 9 divide 6106?
False
Does 43 divide 1947?
False
Is 32 a factor of 898?
False
Is 2816 a multiple of 22?
True
Is 2 a factor of 1646?
True
Is 702 a multiple of 27?
True
Is 6184 a multiple of 8?
True
Is 2594 a multiple of 27?
False
Is 1736 a multiple of 56?
True
Is 468 a multiple of 12?
True
Is 27 a factor of 6129?
True
Is 643 a multiple of 12?
False
Is 22 a factor of 160?
False
Is 7794 a multiple of 18?
True
Is 75480 a multiple of 120?
True
Does 8 divide 63769?
False
Is 60 a factor of 1736?
False
Is 52 a factor of 3665?
False
Is 69 a factor of 20907?
True
Does 57 divide 1482?
True
Does 49 divide 102733?
False
Is 1625 a multiple of 125?
True
Is 8 a factor of 5993?
False
Is 8 a factor of 1749?
False
Does 81 divide 4860?
True
Is 7916 a multiple of 9?
False
Does 3 divide 12?
True
Does 17 divide 187?
True
Does 4 divide 680?
True
Does 13 divide 3897?
False
Is 441 a factor of 3087?
True
Is 1334 a multiple of 23?
True
Is 700 a multiple of 10?
True
Is 7 a factor of 447?
False
Does 7 divide 1729?
True
Is 9405 a multiple of 57?
True
Is 24 a factor of 1892?
False
Does 68 divide 1292?
True
Does 87 divide 522?
True
Is 194 a multiple of 35?
False
Is 5261 a multiple of 151?
False
Is 2117 a multiple of 29?
True
Is 2888 a multiple of 38?
True
Is 134 a multiple of 23?
False
Does 9 divide 8407?
False
Is 1067 a multiple of 36?
False
Does 35 divide 222?
False
Does 125 divide 4375?
True
Is 13970 a multiple of 10?
True
Is 8769 a multiple of 17?
False
Does 94 divide 13630?
True
Does 35 divide 71397?
False
Does 14 divide 8372?
True
Is 150 a factor of 7200?
True
Is 720 a multiple of 36?
True
Does 16 divide 1392?
True
Is 158 a multiple of 15?
False
Is 5 a factor of 11830?
True
Is 25272 a multiple of 52?
True
Does 8 divide 5408?
True
Is 378 a multiple of 18?
True
Does 24 divide 1840?
False
Does 16 divide 2512?
True
Does 13 divide 533?
True
Does 6 divide 2940?
True
Is 124 a multiple of 6?
False
Does 23 divide 5958?
False
Is 2 a factor of 1661?
False
Is 430 a multiple of 5?
True
Does 23 divide 161?
True
Is 35 a factor of 2253?
False
Does 23 divide 667?
True
Is 36 a factor of 2016?
True
Is 26 a factor of 20098?
True
Is 15 a factor of 18155?
False
Does 51 divide 6306?
False
Is 195 a factor of 90192?
False
Is 6 a factor of 411?
False
Is 15531 a multiple of 31?
True
Is 107 a factor of 664?
False
Is 115 a multiple of 5?
True
Is 4 a factor of 268?
True
Does 22 divide 3002?
False
Is 15960 a multiple of 19?
True
Is 63 a factor of 6905?
False
Is 258 a multiple of 8?
False
Is 3 a factor of 2861?
False
Is 5 a factor of 20?
True
Is 61 a factor of 6587?
False
Does 62 divide 23853?
False
Does 34 divide 48484?
True
Is 30 a factor of 11108?
False
Is 42588 a multiple of 156?
True
Is 4111 a multiple of 10?
False
Does 144 divide 5472?
True
Is 43237 a multiple of 5?
False
Does 47 divide 8406?
False
Is 44 a factor of 945?
False
Is 15 a factor of 108?
False
Is 14 a factor of 668?
False
Does 10 divide 7987?
False
Is 32 a factor of 290?
False
Is 26928 a multiple of 90?
False
Is 910 a multiple of 10?
True
Is 1940 a multiple of 10?
True
Is 2700 a multiple of 36?
True
Is 2425 a multiple of 97?
True
Is 38 a factor of 646?
True
Is 2397 a multiple of 113?
False
Is 6 a factor of 7746?
True
Does 273 divide 23677?
False
Is 23 a factor of 22517?
True
Is 396 a multiple of 11?
True
Is 181 a factor of 37105?
True
Does 57 divide 5780?
False
Does 47 divide 2115?
True
Does 27 divide 9427?
False
Does 18 divide 2613?
False
Is 21 a factor of 43207?
False
Is 14 a factor of 2996?
True
Is 44 a factor of 421?
False
Is 92 a factor of 2569?
False
Is 109 a factor of 8393?
True
Is 11928 a multiple of 142?
True
Is 249 a factor of 8217?
True
Does 16 divide 664?
False
Is 41366 a multiple of 285?
False
Is 442 a multiple of 26?
True
Does 21 divide 1953?
True
Does 7 divide 634?
False
Does 25 divide 224?
False
Is 45 a factor of 4302?
False
Is 980 a multiple of 5?
True
Does 29 divide 568?
False
Is 3425 a multiple of 137?
True
Does 25 divide 22125?
True
Does 53 divide 5449?
False
Does 9 divide 793?
False
Does 35 divide 1678?
False
Is 2210 a multiple of 65?
True
Is 14 a factor of 1398?
False
Is 521 a multiple of 12?
False
Is 4935 a multiple of 20?
False
Is 5 a factor of 125?
True
Is 2718 a multiple of 28?
False
I